e 2*w - 633 = -3*b, p + 105 = b + w. What is the highest common divisor of 19 and b?
19
Let o(i) = i**3 + 5*i**2 - i - 2. Let b be o(-5). Suppose 2*c = 3 + b. Suppose 0 = -c*m + 2*m + 8. What is the greatest common factor of 56 and m?
8
Let s = -32 - -54. Suppose 0 = 2*d - k - 21 + 2, -1 = k. Suppose -3*h + d = 3. Calculate the highest common factor of s and h.
2
Suppose -3*g = 12*g - 345. What is the greatest common factor of g and 69?
23
Let u(q) = 4*q - 4. Let r be u(-5). Let y be r/(-4)*(-1)/(-3). Suppose -h = -6*h + 90. What is the highest common factor of y and h?
2
Suppose 22 = 4*t - 22. Let w be 1 - (1 + -57 + 2). Calculate the highest common divisor of w and t.
11
Suppose -2*h + 10 = 4. Let k(n) = 88*n. Let d be k(h). What is the greatest common factor of 33 and d?
33
Let h(r) = r**2 - 6*r - 10. Suppose 3 = 2*f - 11. Let a be h(f). Let x be (a/(-6))/(2/12). Calculate the greatest common divisor of 3 and x.
3
Let v = 7 + -4. What is the greatest common factor of v and 1?
1
Let y be (2*35 - -2)*1. Let s be 1/(((-2)/(-9))/2). What is the greatest common divisor of s and y?
9
Let f(c) = c**2 - c. Let g be f(-2). Suppose n = 5, 3*n + 29 = 2*j + g*n. What is the highest common divisor of j and 56?
7
Let r = -130 - -250. Calculate the highest common divisor of r and 40.
40
Suppose 0 = -3*r - 3*m - 3, 2*r = -3*r + m - 17. Let v(f) = -14*f + 2. Let u be v(r). What is the highest common divisor of u and 66?
22
Let r be 72 - (1 - 3 - 0). Let b be r/14 + (-4)/14. Suppose -5*u = 5*q - b, -12 = 4*u - 8*u - 2*q. What is the highest common divisor of u and 15?
5
Let v = 1 + 3. Let p(b) = -b**2 + 9*b + 4. Let c be p(9). Calculate the highest common factor of v and c.
4
Let k be (-10)/(-20) - (-22)/4. Let q be 222/42 - k/21. What is the highest common divisor of q and 2?
1
Let j(z) = 2*z + 12. Let w be j(-5). What is the highest common divisor of 16 and w?
2
Suppose 4*n - 20 = -2*a, -5*n + 22 = -2*n + 5*a. Suppose 2*d + 8 = n*d. Calculate the highest common factor of d and 8.
4
Let u(t) = -t**3 + 2*t**2 - t - 2. Let z be u(-4). Let m = z + -66. Suppose j - m = -j. Calculate the highest common divisor of j and 16.
16
Let i be (-2 - -24)/((-2)/(-1)). Calculate the highest common divisor of 1 and i.
1
Let o(v) = -v**3 - 3*v**2 - 4. Let x be o(-3). Let y be (-820)/(-50) + x/10. Calculate the highest common factor of 2 and y.
2
Suppose -3*o + 3*z = -39, -z + 7 = 2*o - 22. What is the highest common divisor of o and 98?
14
Suppose 4*g + 4*k - 5*k = 125, 0 = 2*g - 2*k - 64. Let v = 10 - 17. Let m = v + g. Calculate the highest common factor of m and 12.
12
Let r = -14 - -15. Let q(j) = -j**3 + 6*j**2 + 2*j - 8. Let z be q(6). What is the greatest common divisor of r and z?
1
Let o(x) = 12*x + 18. Let h be o(21). Calculate the greatest common divisor of 27 and h.
27
Suppose 0 = 3*v + v. Let b be v - 15*(-3 + 0). Calculate the highest common divisor of 30 and b.
15
Let f = 37 - 35. Calculate the greatest common divisor of 8 and f.
2
Suppose 3*h - 10 - 17 = -x, 18 = 3*h + 4*x. What is the greatest common factor of h and 20?
10
Let v be 2/(-6)*2*-3. Let a be (-3)/(3*(-4)/8). Calculate the greatest common divisor of a and v.
2
Let f(g) = -2*g**3 + 2*g**2 - 4. Let s(a) = 3*a**3 - 5*a**2 - a + 7. Let k(p) = 5*f(p) + 3*s(p). Let o be k(-5). What is the highest common factor of 2 and o?
2
Suppose 2*s + k - 43 = 21, 4*k = 5*s - 160. Suppose 0*r = 4*r - 32. Calculate the greatest common divisor of r and s.
8
Suppose 4*h - 22 = 26. Suppose -5*w + 3 = -h. What is the highest common divisor of 3 and w?
3
Let w = 2 + 1. Suppose o + 4 = 4*k, 18 = 4*o + w*k - 2*k. What is the highest common factor of 1 and o?
1
Let y = -282 - -399. Suppose -4*b + 22 + 30 = 0. Calculate the highest common factor of y and b.
13
Suppose -o + 4*o + 2*k - 36 = 0, 0 = 3*k - 9. Let x = 2 + 7. Let z be (-96)/(-54) - (-2)/x. Calculate the highest common divisor of o and z.
2
Let t be (-168)/(-60)*(10 - 0). What is the greatest common divisor of t and 196?
28
Let c be 3/2*9/((-27)/(-22)). Calculate the greatest common factor of 1 and c.
1
Let h be 1*(3 + -1 + -3). Let o be (80/5)/((-1)/h). Let g = o + 5. What is the highest common factor of g and 84?
21
Let c(t) = -t**3 - 12*t**2 - 10*t + 10. Let a be c(-11). Let j be ((-4)/5)/(a/5). Let y be ((-18)/j)/((-3)/6). What is the highest common factor of y and 45?
9
Suppose 2*g = 3*g - 7. What is the greatest common divisor of g and 49?
7
Let h(g) = -g**2 + 16*g. Let k = 21 - 6. Let o be h(k). Let l(b) = b**3 + b. Let a be l(2). What is the greatest common factor of a and o?
5
Suppose 4*q - 2*t = -30, -1 + 10 = 3*t. Let c = 8 + q. Calculate the highest common divisor of c and 16.
2
Suppose 2*b + 3*i - 221 = 0, -i = 3*b + b - 447. Suppose 3*r = -0*r + 48. Calculate the highest common divisor of b and r.
16
Suppose -4*t - 2*p = -190, -2*t + 4*t - p = 85. Let h = 63 - t. Calculate the greatest common divisor of h and 18.
18
Suppose -5*d + 2 + 74 = 2*c, 3*d + 4*c - 54 = 0. What is the highest common divisor of 14 and d?
14
Suppose -s = -2*s + 71. Let a = -7 + s. Calculate the highest common factor of 8 and a.
8
Suppose 2*o = -5*y - 25, -4*y - 5 = -5*o + 15. Suppose -5*m + 2*m - 3*q = -168, 5*m + 3*q - 276 = o. Calculate the highest common factor of 18 and m.
18
Let h(l) = -l + 24. Let z be h(8). Calculate the highest common factor of 160 and z.
16
Suppose -495 = -0*d - 5*d. What is the greatest common divisor of 33 and d?
33
Suppose -5*w + 58 = 3*m, 59 = 4*m + 3*w - 0*w. Suppose 9 = 4*r - m. Calculate the highest common factor of r and 10.
5
Let o be 1 + 0*3/9. Let v = o - -1. Let r = 17 - v. Calculate the highest common divisor of 75 and r.
15
Suppose -6*j + 4 = -5*j. Let s be 4/5*(-10)/(-4). Suppose -s*v - 4*c = -48, -43 = -j*v + 3*c + 20. What is the greatest common factor of v and 162?
18
Suppose -3*q - 5 = -23. Calculate the greatest common divisor of 15 and q.
3
Let z = -18 - -31. What is the greatest common divisor of z and 13?
13
Let a be (-1)/(-2 - 14/(-8)). What is the highest common factor of 1 and a?
1
Let d be (9/12)/((-2)/(-96)). Let y = 13 - 9. Calculate the highest common divisor of y and d.
4
Suppose -2*v - 1 = s + 3, -3*s - 12 = 0. Let x(q) = q**3 + q + 18. Let y be x(v). What is the greatest common factor of y and 54?
18
Let n(d) = -d**3 - 6*d**2 + 17*d + 14. Let f be n(-8). Let r(l) = -l**2 + 5 + 6*l + 0*l**2 + 1. Let b be r(f). Calculate the greatest common factor of b and 18.
6
Let h be 13/(-52) - 201/(-4). What is the greatest common divisor of 10 and h?
10
Suppose -3*u - 12 + 60 = 0. Let l(v) = 3*v**2 - v - 12. Let g be l(4). Calculate the greatest common factor of u and g.
16
Let r(b) = b**3 + 10*b**2 + 8*b + 5. Let v be r(-5). Suppose 12*y - 89 - 31 = 0. What is the greatest common factor of y and v?
10
Suppose 2*h - 55 = -3*h. What is the greatest common factor of h and 33?
11
Let c(v) = -21*v. Let b be c(-5). Calculate the highest common divisor of b and 42.
21
Suppose w = -5*s + 24 + 109, 0 = -3*w - 5*s + 399. What is the highest common factor of w and 19?
19
Let h = -95 + 103. What is the greatest common divisor of 16 and h?
8
Suppose -3*b - 2*w = -17, 2*b + 2*b - w = 8. Suppose -4*j + b*f + 24 = f, 2*j + f - 16 = 0. What is the greatest common divisor of 28 and j?
7
Suppose 4*s - 3*x - 475 = 0, 0 = -3*x + 9. What is the greatest common factor of s and 11?
11
Let f = 4 - 2. Let u(l) = 10*l + 3*l**2 - 5*l + f - 4*l**2. Let r be u(5). Calculate the greatest common divisor of r and 8.
2
Let h be (3/(-2))/(1/6). Let c be 2/(-9) - 38/h. What is the greatest common divisor of c and 24?
4
Let p be ((-2)/4)/((-1)/12). Suppose x = 4*f + 22, -3*x - f = 2*f - p. What is the highest common factor of 54 and x?
6
Suppose -4*x = -3*m + m + 22, 20 = 2*m - 2*x. Let u = -5 + m. Let b = 113 + -81. Calculate the greatest common divisor of b and u.
4
Let c be -2 + 1 + 90/5. Let u(r) = -r**3 - 6*r**2 + 2*r - 10. Let p be u(-8). What is the highest common factor of c and p?
17
Let c = 24 + 62. Let r = -51 + c. What is the highest common divisor of r and 14?
7
Suppose 2*l - 3*u - 309 = 0, -3*u - u - 4 = 0. Calculate the highest common factor of 17 and l.
17
Let b = -147 + 210. Suppose 0*v + 2*v - 10 = -2*x, -1 = v + 4*x. What is the greatest common di